greatest common factor of d and a?
13
Suppose 6*r - 115 = -3*p + 2*r, -91 = -3*p + 2*r. Suppose -3*y = -t - 35, -2*t = 3*y - 7*t - 43. What is the highest common factor of p and y?
11
Let r(o) = 2*o**3 - 7*o**2 + 5*o. Let k be r(4). Calculate the highest common factor of k and 12.
12
Let j(w) = 5*w**2 - 4*w + 2. Let d(k) = k**2 - 10*k + 11. Let o be d(9). Let b be j(o). Let i be (14/4)/(1/28). Calculate the highest common factor of i and b.
14
Suppose 16 = 5*o + 6. Let n(b) = -b**3 - 6*b**2 - 7*b + 2. Let i be n(-5). Let y be (i/3)/(2/8). Calculate the greatest common factor of o and y.
2
Let r be (6/3)/(14/77). Let o = 35 + -2. Calculate the highest common divisor of o and r.
11
Suppose -6*m = 109 + 77. Let c be (-3 + -1)/((-2)/23). Let x = c + m. Calculate the highest common factor of 6 and x.
3
Let x(m) = -m. Let o be x(-4). Suppose p - 15 = -o*p. Suppose 2*h + p*h + 3*a - 128 = 0, -3*a = 2*h - 53. Calculate the highest common divisor of 10 and h.
5
Let d(a) = -a**3 + 11*a**2 - 11*a + 15. Let w be d(10). Suppose -q - 4 + 8 = 2*b, 4*q - 7 = -w*b. Calculate the highest common divisor of 21 and b.
3
Suppose w - 55 = 23. Let x be -52*(-3 + 10/4). Calculate the highest common divisor of w and x.
26
Let q = 37 + -20. Let k = 33 - q. Calculate the greatest common divisor of 80 and k.
16
Let n(a) = -19*a - 2. Let c be n(-2). Let o be (-5)/2*18/(-5). What is the greatest common factor of c and o?
9
Let x(b) = -b**3 - b**2 - 2. Let a be x(-2). Suppose -q + 4*r = 10, -a*r = -2*q + 2*r - 8. Let t = 22 - 17. What is the highest common factor of t and q?
1
Let p(r) = 4*r**2 - r - 3. Let k be p(3). Suppose -3*b = 2*b - k. Calculate the greatest common factor of b and 12.
6
Let x(u) = -u**2 - 2*u. Let f be x(-2). Suppose 3*a + 24 + 24 = f. Let j = 25 + a. Calculate the highest common factor of 54 and j.
9
Let z(c) = c**2 - 6*c - 7. Let l be z(7). Suppose l = -4*t + 59 + 1. Let j = 1 - -2. What is the highest common factor of t and j?
3
Let b = -11 + 24. Let v be ((-2)/(-4))/(3/12). Let w be (3/(-4))/(v/(-104)). What is the highest common factor of b and w?
13
Suppose y + 3*y = 512. Suppose y = -3*n + 17. Let p = n - -53. What is the highest common factor of p and 8?
8
Let u(p) = -p**2 - 7*p - 4. Let i be u(-4). Let d be (-5)/20 - (-74)/i. Calculate the greatest common factor of d and 63.
9
Let q be 27/2 + -4*(-8)/64. Let t(k) = -64*k - 2. Let o be t(-2). What is the greatest common divisor of q and o?
14
Suppose -4*p + 54 - 10 = 0. Calculate the highest common divisor of p and 99.
11
Suppose -3*a + 2 = -5*a, -3*t = -3*a - 201. Suppose -2*g + 40 = -4*l, 3*g - l - t = 2*l. Calculate the greatest common divisor of 16 and g.
8
Let c be (-2)/7 + 150/35. Suppose -c*l + 80 = 4*m - 0*m, 55 = 4*m - l. What is the highest common factor of m and 75?
15
Let g(l) = -l**2 - 2*l + 5. Let m be g(-4). Let i be (-3 - m)*1/(-2). Suppose 0 = b - d - 67, i*b = b + 5*d - 97. What is the highest common divisor of b and 8?
8
Let v(p) = -p**2 - 4*p + 2. Let b be v(-4). Suppose 3 = u + 2*u, 4*z - 42 = b*u. Calculate the greatest common factor of 44 and z.
11
Let y(b) = b + 3. Let c be y(-4). Let s be (200/(-15))/(c/3). Calculate the highest common factor of s and 10.
10
Suppose 4*d - o - 6 = 14, -3*d = 2*o - 4. Suppose 0 = k + 5, -2*k = 2*a - d*k - 58. What is the greatest common factor of 60 and a?
12
Let n = -27 - -41. Calculate the highest common divisor of 35 and n.
7
Let x(v) = -v**3 - 5*v**2 + v - 2. Let b be x(-5). Let j be 2/4 - b/2. Let t = j + -2. What is the greatest common divisor of 16 and t?
2
Let l = -6 - -2. Let b be 2 + -1 + l/(-4). Calculate the highest common divisor of 14 and b.
2
Let a(p) = p + 3. Let k be a(0). Suppose 2*w = k*w. Suppose w = -6*v + v + 70. What is the highest common divisor of 28 and v?
14
Suppose 4*z = -5*b + z + 6, 5*b - 2*z + 4 = 0. Suppose -124 = 5*o - 3*y, -4*y + b = 3*o + 57. Let a = o + 38. What is the highest common factor of a and 165?
15
Let b be -10*-23*2/4. Calculate the highest common factor of b and 23.
23
Suppose 2*a = 2, -2*c = -a - 188 - 37. Suppose 4*k - c = -5. What is the highest common factor of 18 and k?
9
Let x(h) = h**2 + 4*h. Let c be x(-3). Let g be (-12 - -1)*(-3 + c). What is the highest common divisor of 11 and g?
11
Suppose 81 = 5*c - 0*p - 2*p, -3*c = 2*p - 55. Let n = 158 - 39. Calculate the highest common divisor of n and c.
17
Suppose -48 = -10*u + 62. Let o(k) = k**2. Let a be o(1). Calculate the highest common factor of u and a.
1
Let n be ((-54)/(-4))/((-6)/(-8)). Suppose 0 = -3*k + 105 - 24. Calculate the highest common factor of n and k.
9
Let o(x) = -x - 6. Let z be o(-6). Let i = 0 - z. Suppose -3*c + 90 = -i*c. What is the greatest common factor of c and 12?
6
Suppose 3*x = 2*x + 16. Let v = -6 + 11. Let w be ((-4)/(-6))/(v/720). Calculate the highest common factor of w and x.
16
Let f be (-526)/18 - (-2)/9. Let n be (-2)/(-6) - f/3. Calculate the highest common divisor of n and 90.
10
Let c(m) = 6*m**3 - 2*m**2 - 1. Let k be c(2). Calculate the greatest common factor of k and 39.
39
Suppose 3*y + 2*q - 28 = 0, -5*q + 0 = -10. Suppose 6 = 4*k - 2. Calculate the greatest common divisor of k and y.
2
Suppose -3*v + 39 = -4*i - 0*i, 4*i = -4*v - 32. Let u be 10/6 + (-3)/i. Suppose 7*h - 110 = u*h. What is the greatest common factor of h and 33?
11
Suppose 0 = 5*x - 8*x + 18. What is the highest common factor of x and 6?
6
Suppose 9 = 6*d + 3. What is the highest common factor of 7 and d?
1
Suppose -b + 1 = -20. What is the greatest common divisor of b and 3?
3
Suppose -2*s + 0*s + 10 = 0. Suppose 3*g + 2*k + 2 = g, 0 = 4*g + s*k + 6. Let n be (4/6)/(g/9). What is the greatest common divisor of 9 and n?
3
Let m be (0 - 3)*(10 + -9). Let d be (-240)/(-18) - 2/m. What is the greatest common divisor of 56 and d?
14
Let q be 648/56 + 4/(-7). Let m be (-81)/(-18)*(q - -1). Calculate the highest common factor of 18 and m.
18
Let u be 2/(-7) - 12/(-42). Suppose u = -5*w + 5*v + 550, -v + 558 = 5*w - 2*v. Calculate the highest common divisor of w and 14.
14
Let g be (11 - -3)*(-1)/(-2). Let n = 8 - g. Calculate the greatest common factor of 11 and n.
1
Suppose 3*v = -0*v + 33. Suppose 15 - 55 = 5*y. Let k = v + y. What is the greatest common factor of 24 and k?
3
Suppose -3*n + 19 = -5. Let k be (-1 - (-4)/(-2)) + 7. Suppose -t + 20 = -k. What is the greatest common factor of t and n?
8
Suppose r = -5*g + 24, r - 5*g = -r + 33. What is the highest common factor of 152 and r?
19
Suppose -44 = -3*y + 91. Calculate the highest common divisor of y and 9.
9
Suppose -4*p + 17 + 11 = 0. Let m be (-12)/(-5) + (-8)/20. Let k be m/5 + 2681/35. Calculate the highest common divisor of p and k.
7
Let i be (1 + -1)/(1 + -2). Suppose 4*u + i*u - 4*q = 316, -2*u + 161 = q. Suppose 2*h + 2*h = 64. Calculate the highest common factor of h and u.
16
Suppose -m + 5*y = -11, 4*m + 40 = -3*y + 2*y. Let n be (-25)/(-3) - (-3)/m. Suppose -133 = -3*w - 13. Calculate the greatest common divisor of w and n.
8
Let p(f) = -f**3 + 9*f**2 + 3*f - 20. Let w be p(9). What is the greatest common divisor of w and 70?
7
Suppose -q = -0*q. Suppose q = n - 4. Suppose -n*v = -11 - 125. Calculate the highest common divisor of v and 17.
17
Suppose -70 = -5*k + 120. Let y(i) = 2*i**2 + 8*i - 5. Let b be y(-6). What is the greatest common factor of k and b?
19
Let h be 1*1*-5*-1. Suppose -4*a - a - h*f + 35 = 0, -4*a + 38 = -f. What is the highest common divisor of 45 and a?
9
Let p(y) = -2*y**3 - 2*y**2 + y + 2. Let c be p(-2). Let d be (2 + (-14)/5)/((-28)/1400). What is the highest common divisor of c and d?
8
Let z = 34 + 30. What is the highest common factor of z and 160?
32
Let j = 64 + 152. What is the highest common factor of j and 24?
24
Suppose -17*l = 4*l - 1386. Calculate the highest common divisor of 6 and l.
6
Let o(w) = -414*w + 1. Let c be o(-1). Let k = c + -270. Suppose 0 = 3*z - k - 50. Calculate the highest common divisor of z and 26.
13
Suppose 82 = -3*h + 5*h - 5*c, 174 = 5*h + 3*c. What is the greatest common factor of 4 and h?
4
Suppose j - 66 = -10*j. Let w be 340/14 - (-4)/(-14). What is the greatest common factor of w and j?
6
Let u be -3 + 1016/4 + 1. Calculate the highest common divisor of u and 36.
36
Suppose 0 = -4*m - 5